- 34 - -3. Let v = i - -105. Calculate the remainder when v is divided by 9.
8
Let v(g) = g**2 + 28*g - 275. Calculate the remainder when 106 is divided by v(-37).
48
What is the remainder when 54 is divided by (-372)/(-11) + 38/209?
20
Let p(w) = -w**3 - 26*w**2 + 21*w - 73. What is the remainder when p(-27) is divided by 13?
11
Let j = 10 + -2. Let k(h) be the second derivative of 2*h**3/3 + 7*h**2/2 - 8*h. What is the remainder when k(j) is divided by 7?
4
Suppose -73*o + 83*o - 100 = 0. Calculate the remainder when 159 is divided by o.
9
Suppose 14 + 12 = 2*b. Let o = -8 - -9. Let n(i) = 50*i**3 - i + 1. What is the remainder when n(o) is divided by b?
11
Let x = 57 + -127. Let g = x - -78. What is the remainder when g is divided by 3?
2
Let n(y) = -3*y**3 + 2*y + 22. Suppose -3*b - 2*b = -9*b. What is the remainder when 107 is divided by n(b)?
19
Suppose 10*t = 2 - 52. Let k = t - -24. Let z = 7 + -2. What is the remainder when k is divided by z?
4
Let i(u) = u**3 + 6*u**2 - 7*u + 4. Calculate the remainder when -1 - ((-12)/(-36))/(1/(-39)) is divided by i(-7).
0
Suppose -3*p - 910 = -8*p. Calculate the remainder when p is divided by 184*(-10)/(-41 + 1).
44
Let j(b) = 9*b + 70. Calculate the remainder when j(8) is divided by 21.
16
Let r(w) = 4*w + 6. Calculate the remainder when 3/(-5) - (-1890)/25 is divided by r(5).
23
Let m = 2139 + -2131. Suppose x - 12 = -3*o, -3*x + 3*o + 6 = -6. Calculate the remainder when m is divided by x.
2
What is the remainder when 79 is divided by ((-222)/(-259))/((-6)/(-147))?
16
Suppose 0 = q - 17 - 42. Suppose -2*u + q = -u. Calculate the remainder when u is divided by 15.
14
Let s(g) = g + 7. Let p be s(-3). Suppose 2 = p*t - 2*t. Calculate the remainder when t/((-3)/2)*-57 is divided by 10.
8
Suppose 4*n + 447 = n. Let s = 253 + n. What is the remainder when s is divided by 35?
34
Let y = 13 - 11. What is the remainder when (70/(-49))/(y/(-238)) is divided by 43?
41
Suppose -4*o - 23 = -x + 8, 2*x + 4*o = 26. Suppose 2*d = 29 + 41. Suppose d*j - 34*j = 11. Calculate the remainder when x is divided by j.
8
Suppose 3*k + 14 - 110 = 0. What is the remainder when 63 is divided by k?
31
Suppose 63 = 3*q - 33. Let t = q - 20. What is the remainder when 23 is divided by t?
11
Suppose -6*x + 153 = -x + 3*g, -5*g + 5 = 0. Calculate the remainder when x is divided by 16.
14
Let w(c) = -c**3 - 3*c**2 + 2*c - 5. Suppose 2*a - a + 4 = 0. Let i be w(a). Suppose -20 - 1 = -i*p. Calculate the remainder when 33 is divided by p.
5
Let m be (-4)/20 - 258/(-15). Suppose -14 + m = n. Let b(q) = 8*q + 3. What is the remainder when 50 is divided by b(n)?
23
Let o(z) = 4*z**2 - 3*z. Let m be ((-5)/(-2))/((-6)/(-144)). Suppose -2*w + m = l, -l = -4*w + 2*l + 100. Calculate the remainder when w is divided by o(2).
8
Let w = -11 + 104. What is the remainder when w is divided by 19?
17
Suppose -2*z - 2 + 4 = 0. Let u be -4 + 4 - (-1 + z). Suppose 2*c - 22 = -u. Calculate the remainder when 43 is divided by c.
10
Suppose -j + 7*g - 2*g + 39 = 0, -4*j = 3*g - 225. Calculate the remainder when 149 is divided by j.
41
Let v(b) = -12*b**2 - 8*b + 8. Let q be v(4). Let r = -154 - q. Let g = -6 + 27. What is the remainder when r is divided by g?
20
Suppose -2*m + 8 + 0 = 0. Suppose 0 = -3*i + 3, -t + m*t + 2*i = 29. Calculate the remainder when 132 is divided by t.
6
Let k = 388 + -198. Let l = -432 - -448. What is the remainder when k is divided by l?
14
Suppose -5*y + 166 = 26. Let v = y - 12. What is the remainder when 62 is divided by v?
14
What is the remainder when 192/(-224)*(-742)/4 is divided by 35?
19
Let u = 116 - 91. What is the remainder when u is divided by 15?
10
Suppose 5*q - 678 = 2*s, -3*q + 3*s + 394 = 5*s. What is the remainder when q is divided by 34?
32
Suppose 0 = -31*i + 25*i + 3228. What is the remainder when i is divided by 49?
48
Let c be (-1 + 0)*(0 + 5). Let q(b) = b**2 + b - 15. Suppose -5*x + 48 = -x. What is the remainder when x is divided by q(c)?
2
Suppose 3*m = 5*d - 44 + 7, -5*d + 35 = -5*m. What is the remainder when 19 is divided by d?
3
What is the remainder when 147 is divided by 4*(49/14 - -3)?
17
Suppose 0 = 11*z - 14*z + 15. Suppose 6*w - 4*w + 197 = z*m, -2*m - 3*w + 94 = 0. What is the remainder when m is divided by 11?
8
Suppose -p = 2*u - 46 - 16, -248 = -4*p - u. Calculate the remainder when p is divided by 29.
4
Let j(g) = -g**3 - 33*g**2 - 28*g + 151. What is the remainder when 63 is divided by j(-32)?
17
Let z = -32 - -57. Suppose -5*y = -17 + 2. Suppose -y = w - 50. What is the remainder when w is divided by z?
22
Suppose -12*h + 6*h = -642. What is the remainder when h is divided by 10?
7
Let s be 14/77 - (-20)/11. Suppose -u = -s*j + 4, j - 5*j = -3*u - 6. Suppose 306 = 5*k - j*f - f, -4 = -4*f. What is the remainder when k is divided by 16?
14
Let q(b) be the first derivative of -b**2/2 + 5*b - 1. Let y be q(11). Calculate the remainder when y/(-21) - 540/(-21) is divided by 7.
5
Suppose -f + 3 = -1. Let p = 353 - 330. What is the remainder when p is divided by f?
3
Let o = -2075 - -3005. What is the remainder when o is divided by 49?
48
Let g = -72 - -98. Calculate the remainder when 311 is divided by g.
25
Suppose 35*s - 750 = 10*s. Calculate the remainder when 297 is divided by s.
27
Suppose -5*s + 4*s = 5*n - 29, -2*n + 74 = 3*s. Let w = s + 0. What is the remainder when 68 is divided by w?
20
Let o(g) = -g**3 - g**2 - g - 2. Let h be o(-2). What is the remainder when 14 + -16 + h*22/4 is divided by 8?
4
Suppose 0 = -5*i + 4 + 11, -4*m + 23 = i. Let d be -1 + 7 + 0/3. Let z = m + d. Calculate the remainder when 21 is divided by z.
10
Suppose 5*a - 9*a + 308 = 0. Suppose -c = 3*g - 76, g + 2*c - 30 = 4*c. Calculate the remainder when a is divided by g.
25
Let j(h) = 2*h - 3. Let d = 217 + -150. Calculate the remainder when d is divided by j(10).
16
Let r(x) = x + 12. Let f be r(-7). Suppose 0*j + 2 = -2*j, -f*j = d - 5. Let l = -160 - -166. Calculate the remainder when d is divided by l.
4
Let h = -9 - -9. Suppose 80 = 5*g + 2*z, 2*z - 26 = 4*g - 6*g. Calculate the remainder when (-1 - h) + 216/3 is divided by g.
17
Let p(x) = 230*x**3 + x**2 + x - 2. Let w(m) = 6*m + 55. Let i be w(-9). What is the remainder when p(i) is divided by 58?
56
Suppose 10*r = 2*r + 16. Suppose -5*n + 126 = r*n. Let u(b) = b**2. Calculate the remainder when n is divided by u(-2).
2
Suppose -4*c + 5*l = -239 - 605, 4*l = 4*c - 840. What is the remainder when c is divided by 15?
11
Let a be 199 + (26/(-22) - (-2)/11). What is the remainder when 163 is divided by (a/15)/((-6)/(-15))?
31
What is the remainder when 9/((-27)/12) + 88 - 4 is divided by 14?
10
Let q(y) = -y**3 + 10*y**2 - 3*y + 9. What is the remainder when q(4) is divided by 31?
0
Suppose j - 2 - 1 = 0. Suppose 0*m - j*m + 6 = 0, -w + 14 = -4*m. Calculate the remainder when w is divided by 12.
10
Let i = 199 - 173. Calculate the remainder when i is divided by 16.
10
Suppose -3*y + 25 = -32. Calculate the remainder when (-29 - -401)*3/12 is divided by y.
17
Suppose -3*y + 120 = -93. Let n = -57 + 94. What is the remainder when y is divided by n?
34
Suppose 2*m - 34 = 3*h, 3*h - 8 = 5*h. What is the remainder when 29 is divided by m/(-2)*(-12)/6?
7
Let b be (-50)/(-18) + (-4)/(-18). Let v(u) = 0*u - 5 + 11*u - b + u**2. Calculate the remainder when v(-13) is divided by 7.
4
Let f(t) = -4*t. Let d be f(-1). Let y(z) = 6*z. Let j be y(d). Suppose j = 6*r - 4*r. Calculate the remainder when 21 is divided by r.
9
Let z(j) = -4*j + 6. Let c(r) = -3*r + 5. Let u(a) = 3*c(a) - 4*z(a). What is the remainder when 231 is divided by u(5)?
23
Let b(v) = 14*v - 4. Calculate the remainder when b(1) is divided by 1.
0
Suppose -2*m - 14 = -m. Let j be 8/52 - (-48)/26. Let b = j - m. Calculate the remainder when 29 is divided by b.
13
Suppose 54*b - 651 = 33*b. Calculate the remainder when 278 is divided by b.
30
Suppose -5*o + 0*o = -230. Suppose 0 = f - 4*y - o, 12 - 92 = -2*f + 5*y. Let c(g) = -3*g - 7. What is the remainder when f is divided by c(-5)?
6
Let o(d) = -d**2 + 5*d + 32. Let q be o(8). Let u be 4/6*(-1 - -13). Suppose 6*x = q*x - u. What is the remainder when x is divided by 1?
0
Let a(q) = q**2 - 14*q + 16. Let x be a(13). Suppose 0 = 3*g -